 of a and b.
6
Suppose -2 = 4*q - 18. Let j = 9 + 6. Let k be j - (0 + 2 + -3). Calculate the greatest common factor of k and q.
4
Let h = -23 + 27. Suppose 0 = -5*t + h*b + 76, -t + b - 2*b = -8. Calculate the greatest common factor of t and 2.
2
Let y(j) = -j**2 - 6*j - 6. Let a be y(-4). Suppose -k - 154 = -a*k. Let u be (-2)/(-3) - (-256)/12. Calculate the greatest common divisor of k and u.
22
Suppose -3*o + 50 = -265. Calculate the highest common divisor of 21 and o.
21
Suppose 2*b = -0*b + 4. Suppose -3 = -b*n + 5. Let x be 28 - (2/(-2) + 1). Calculate the greatest common divisor of n and x.
4
Let l = 76 + -59. What is the greatest common factor of l and 221?
17
Let l be (-280)/(-21)*12/10. Let r = -4 + 3. Let i be 79/2 - r/2. What is the highest common divisor of l and i?
8
Let z = 51 + -50. What is the greatest common factor of 5 and z?
1
Suppose -14*p - 64 = -18*p. Let b(y) = y**2 - 7*y + 7. Let w be b(6). Let v be 0 - ((-1 - 4) + w). Calculate the highest common factor of p and v.
4
Let w be 4 - -35 - (0 - 1). Suppose 5*d + 5*a = 55, -5*d + 54 = -d + 2*a. What is the greatest common divisor of w and d?
8
Suppose 4*s - 20 = 4*l, -4*l + 3*l - 3 = 0. What is the highest common divisor of s and 5?
1
Let b = 203 - 143. What is the greatest common factor of 24 and b?
12
Let r = 12 + 3. Let t(g) = g + 5. Suppose 4*b - 2*b = 0. Let u be t(b). What is the greatest common factor of r and u?
5
Let c = -18 - -54. Suppose 4*b - b - c = 0. Calculate the greatest common divisor of 4 and b.
4
Suppose 0 = 3*r + 20 - 68. Suppose -15 = -5*j + 185. What is the highest common factor of r and j?
8
Let n be 16 - (-5 - -4)*1. What is the highest common factor of 1 and n?
1
Let n(l) = -2*l**2 - l + 3. Let k be n(3). Let t = k + 26. What is the greatest common divisor of t and 72?
8
Suppose 0 = 2*y + 4 - 34. What is the greatest common factor of y and 6?
3
Suppose 0*w - 8 = -w. Suppose -v - w = v. Let n be (-88)/v - (0 + 1). What is the greatest common factor of n and 189?
21
Suppose -4*k + 5 + 7 = 0. Let c(g) = 2*g**2 - g + 2*g**k + 2*g - 3*g**3. Let q be c(2). What is the greatest common factor of q and 2?
2
Suppose 60 = 3*s + 3*n, 4*s - 60 = 2*s + 3*n. Let q be 4/48*4*s. Calculate the highest common factor of q and 32.
8
Let w = 169 - 293. Let a = 286 + w. What is the highest common divisor of 18 and a?
18
Let k(u) = 11*u - 1. Let v be k(1). Let o(l) = l**3 + 19*l**2 + 18*l + 30. Let p be o(-18). What is the greatest common factor of p and v?
10
Suppose -s = 2 - 6. Suppose s*d = d. Suppose d*z = -2*z + 64. Calculate the greatest common factor of z and 16.
16
Let u be 2/6 + 42/9. Let g = u + 19. Calculate the greatest common divisor of g and 36.
12
Let o(m) = -m**3 + 5*m**2 + 15*m - 5. Let d be o(7). Calculate the highest common divisor of d and 22.
2
Let p(z) = -z + 1. Let u be p(-2). What is the highest common factor of 2 and u?
1
Let p(r) = 0*r**2 + 2*r**2 + 11*r + 5 + 5 + 1. Let i be p(-8). What is the greatest common divisor of 17 and i?
17
Let l(o) = 9*o + 2. Let s be l(4). Let c = -16 + s. Calculate the greatest common divisor of 110 and c.
22
Let n(x) = x**2 - x - 6. Let d be n(-5). Let z(u) = 4*u**2 + 2*u. Let m be z(-2). Calculate the highest common factor of d and m.
12
Let c = -3 - -3. Suppose c = 3*p + 5 + 28. Let l = 23 + p. Calculate the greatest common factor of l and 60.
12
Let k be 0 + (-4)/26 + (-504)/(-234). Calculate the greatest common factor of 8 and k.
2
Let n(y) = -y**2 + 36. Let p be n(0). Suppose 0*u - 2*u = -p. What is the greatest common divisor of 6 and u?
6
Let r(k) = -29*k - 3. Suppose -4*w - 12 + 4 = 0. Let z be r(w). What is the greatest common factor of 5 and z?
5
Let o be (304/6)/(-4)*-18. Suppose 3*u - 3*f + 45 = o, -5*f - 107 = -2*u. Let i = u - 46. Calculate the highest common divisor of i and 20.
20
Suppose 35 = 5*g + 2*f + 3*f, 0 = 4*g + 2*f - 24. Let r = -14 - -8. Let i = -4 - r. Calculate the highest common factor of i and g.
1
Suppose o + 4*b - 137 = -11, 0 = -4*o - b + 444. Calculate the greatest common divisor of o and 44.
22
Suppose 0*m - 20 = -m. What is the greatest common factor of m and 30?
10
Let b be 2/7 - (-66)/14. Suppose -2 + 6 = 4*w. Calculate the greatest common divisor of w and b.
1
Suppose 0 = -0*o - o + 70. What is the greatest common factor of o and 7?
7
Let y(p) = 3 - 4*p + 0*p + 2*p. Let a be y(-6). What is the greatest common divisor of a and 15?
15
Let o(g) = 9*g**2 - 2*g + 2. Let f be o(3). Let r = -15 - -9. Let s(j) = j**3 + 7*j**2 + 4*j - 5. Let l be s(r). What is the greatest common factor of f and l?
7
Let l(g) be the first derivative of g**3 + 3*g**2/2 + 3*g - 4. Let h be l(-5). What is the highest common factor of h and 7?
7
Suppose 4*v - 12 = -2*p, 3*p - 4*v + 3 - 1 = 0. Let l be ((-6)/(-8))/(p/72). Let d be 1/(-4 + 5) + 8. What is the greatest common divisor of l and d?
9
Let g be (-1 - 0)*17*-1. Suppose -3*q - 5*m = -255, 5*q - 7*m + 11*m - 425 = 0. What is the greatest common divisor of q and g?
17
Suppose -y - 1 = 4*q, -3*y + 25 = q + 4*q. Let c be (14/10)/(3/y). What is the highest common factor of c and 35?
7
Let h be 0 - -1 - (0 + -7). Suppose 4*o = -5*a + 448, a + 2*o - 92 = -0*o. What is the greatest common factor of a and h?
8
Let l(c) = 7*c. Suppose 0 = -4*r + 13 + 23. Let q be l(r). Calculate the highest common factor of 7 and q.
7
Let x be (-56)/6*(-6)/4. What is the highest common factor of 42 and x?
14
Suppose -4*b + 153 = -b. Let i(s) = -5*s**2 - 2*s + 4. Let c be i(3). Let k = -30 - c. What is the highest common factor of b and k?
17
Let m(o) = 5*o**2 + 11*o + 467. Let j(b) = -2*b**2 - 4*b - 156. Let z(y) = 8*j(y) + 3*m(y). Let r be z(0). What is the highest common divisor of 17 and r?
17
Let j = 8 - 2. Suppose -f + 5*t - 4 = 0, -3*f - 24 = -j*f + 3*t. What is the highest common divisor of f and 33?
11
Suppose -2*m + 124 = -52. What is the highest common divisor of 11 and m?
11
Let n = 5 + -5. Suppose h - 6 + 4 = n. Calculate the highest common factor of 4 and h.
2
Suppose -7*f - h = -2*f - 99, 0 = -f - 3*h + 17. Suppose -3*q - 12 = 0, -j = -0*j + 2*q + 12. Let d = 8 + j. What is the greatest common divisor of f and d?
4
Let k(c) = 3*c - 18. Let d be k(12). Let q = 28 - 19. Calculate the greatest common factor of d and q.
9
Let t be 50/(-1)*(-6)/5. Let l(f) = 9*f - 4. Let n(v) = -27*v + 11. Let p(s) = 8*l(s) + 3*n(s). Let b be p(-1). What is the highest common factor of t and b?
10
Suppose -k + 135 = 2*k. Let h be 4/20 + 18/10. Let n = 7 + h. What is the greatest common factor of k and n?
9
Let g = 58 + -36. What is the greatest common divisor of 33 and g?
11
Suppose x = -2*o + 30, -o + x + 3 = -12. Calculate the greatest common factor of o and 5.
5
Suppose 3*a - 308 = -a. Suppose -4*p = -6 - 10. Suppose -2*y = -18 + p. What is the greatest common factor of y and a?
7
Let l = 6 - 2. Let c = -93 - -142. Suppose -l*p = 3*d - 144, -2*d = p + 2*d - c. What is the greatest common factor of 3 and p?
3
Suppose 3*w - 60 = -0*w. Let v = w + 70. What is the highest common factor of 10 and v?
10
Let t be (-6)/27 - (-58)/18. Let k be 7/((t/(-7))/3). Let z be (-280)/k - (-4)/14. What is the highest common factor of z and 6?
6
Let j = 80 - 72. What is the greatest common divisor of j and 56?
8
Let p(b) = -b**2 - 5*b + 4. Let j be p(-5). Let n(s) = -9*s**2 + 11*s**2 + 2*s - s**3 + 3 - 3. Let d be n(2). Calculate the highest common factor of j and d.
4
Let u be (2 - 4 - -6)*2. Suppose -2*i = 2*n - 30, 5*i + 5*n - 79 = 4*n. What is the highest common divisor of u and i?
8
Let q = -62 + 479. Let t = q + -255. Suppose 2*p + 22 = -2*z + 3*z, 0 = -4*z - p + 70. What is the highest common divisor of z and t?
18
Let h be (-4)/(-18) + (-183)/(-27). Suppose 3*z - 6 = -4*b, -4 = -2*z - 2*b - 2*b. Let v be h - 0 - (3 - z). Calculate the greatest common factor of v and 48.
6
Suppose -3*d - 2*d + 80 = 0. Let s(q) = q**3 + 7*q**2 + 5*q - 1. Let h be s(-5). Calculate the greatest common divisor of h and d.
8
Let g be (-1 - -1) + -2 + 1. Let r be g/(-5) + (-18)/(-10). Suppose -4*y - x = -20, 2*y + 2*x - 2 = r. What is the highest common factor of y and 6?
6
Let l(u) = u**3 + 21*u**2 + 17*u + 3. Let z be l(-20). What is the highest common divisor of z and 7?
7
Let x be 2 + (8*-4 - 1). Suppose 5